-9)*1. Let k(p) = -3*p**2 - 36*p + 77*p + 4*p**2 + 13 - 31*p. What is the tens digit of k(v)?
2
Let i(j) = -5*j + 12*j - 5*j**2 - j**3 - 6 + 0*j**3. Let m be i(-6). What is the units digit of (-34)/m - 8/(-48)?
3
Let j = -1493 - -2853. What is the hundreds digit of j?
3
Suppose 3*a - 2 = 2*a - 3*x, x = 3*a + 34. Suppose -3*d - 2*n = -23, -58 = -3*d + 4*n - 5. Let m = d + a. What is the units digit of m?
1
Let w = -2192 - -3908. What is the hundreds digit of w?
7
Suppose 4*q + 4*q - 72 = 0. What is the units digit of ((-48)/q)/(3/(-36))?
4
Suppose 5*w - 2698 = -4*t, 4*w - 773 - 1389 = -5*t. What is the tens digit of w?
3
Let c = -1831 - -3156. What is the units digit of c?
5
Let d = -188 + 319. What is the tens digit of d?
3
What is the hundreds digit of -1 + (-3 - -5) + 515?
5
Suppose -175 = 5*l + 5*y - 585, -5*l = -3*y - 418. Let d = l + -39. What is the tens digit of d?
4
Suppose 6*j - 45 = -15. Suppose -18 = j*p - 158. What is the units digit of p?
8
What is the tens digit of 1/(-2) + (11557/14)/13?
6
Let d(q) = 33*q - 256. What is the hundreds digit of d(12)?
1
Let z = -30 - -24. What is the units digit of (20/z)/((-11)/198)?
0
Suppose 187 = 4*s - 529. What is the units digit of s?
9
Suppose 16*u = 12*u + 12. Let a = 6 + u. What is the units digit of a?
9
Let l(u) = -10*u + 313. What is the hundreds digit of l(-17)?
4
Let j be 2/(-6) - (-128)/24. Suppose -2*z + 0*z = -4*a + 152, -a + 47 = -j*z. What is the tens digit of a?
3
Let b = 156 - 177. Suppose 0 = -o - 4, 0*o = 3*d + 4*o - 95. Let g = d + b. What is the units digit of g?
6
Suppose 4*d = 4*c - 0*c + 4, 5*d = 3*c + 5. Let w = -37 - -81. What is the units digit of w/8 - d/(-2)?
6
Suppose 0 = -6*p + 7*p - 3*x - 31, 0 = -2*p + x + 42. What is the tens digit of p?
1
Suppose -40*v + 4*r = -42*v + 4364, 4*v = 2*r + 8768. What is the thousands digit of v?
2
Suppose 0 = 5*g + 20, -2*h + 3*g = -0*g - 20. Suppose 0 = 4*r - 4, -4*n - 30 = -h*r - 106. Let d = n + -13. What is the units digit of d?
7
Let w = 7 + 429. What is the hundreds digit of w?
4
Let h = -13 - -17. What is the units digit of 45/2*h/6?
5
Let y be (1 + 2 + 1)*5. Suppose -4*m = d - 32, -4*d + y = -9*d. What is the units digit of m?
9
Let o = 263 + -111. What is the hundreds digit of o?
1
Let p = 1658 - 877. What is the tens digit of p?
8
Suppose 4*i - 2*q - 1330 = 0, -4*q = -0*i + 5*i - 1630. What is the hundreds digit of i?
3
Let s = 37 - -99. What is the tens digit of s?
3
Let n be 4/1 + -6 + 6. Suppose 0 = f, 3*f + 252 = n*g + 2*f. What is the tens digit of g?
6
Let p(h) be the third derivative of h**5/20 + h**4/6 + 11*h**3/6 + 30*h**2. What is the tens digit of p(-6)?
9
Suppose 5 = -3*y + 4*m - 1, -5*y - 42 = 4*m. What is the tens digit of y - -4 - 1 - -17?
1
What is the hundreds digit of -12*(-9)/288 - 3909/(-8)?
4
Let p(o) = -o - 7. Let c be p(-9). Suppose u = -0*u + c. What is the units digit of 67/4 - u/(-8)?
7
Let b = -9 - -11. Let j be b/6 + 185/(-15). Let a = j - -18. What is the units digit of a?
6
Let k = -33 + 38. Let m be (-166)/(-2) + -1 + 0. Suppose -m = -3*p + 4*d, -2*p + 6*p - 111 = k*d. What is the tens digit of p?
3
Suppose -2*b - 7 = -3*a, 0 = -8*a + 4*a + 4*b + 4. Let h = 13 + -10. Suppose -2*p - 5*w + h*w = -72, -4*p = a*w - 148. What is the tens digit of p?
3
Let o(u) = -3*u + 21. Let z be o(6). Suppose z*b = -2*b + 320. Let g = b + -22. What is the units digit of g?
2
Let q be 4/((-61)/21 - -3). Let y = -7 - 17. Let m = q - y. What is the units digit of m?
6
Let f be (2 - (-75)/(-6))*(-2)/(-3). Let s(w) = -w**3 - 4*w**2 + 10*w - 10. What is the tens digit of s(f)?
6
What is the hundreds digit of (-3102)/(-11) - (-1 - 7 - -3)?
2
Let u(z) = -z**2 - 15*z - 13. Let m(b) = 3*b - 34. Let k be m(15). Let v = k - 21. What is the units digit of u(v)?
7
Let w be (-20)/(-5) - 7*1. What is the units digit of w/3 + (-100)/(-5)?
9
Suppose 3*i - 14617 = 2*k, 189*k = -2*i + 192*k + 9743. What is the thousands digit of i?
4
Suppose 2*r - 2 = 0, 2*w - 2 = -0*w - 2*r. What is the units digit of 3 + w - (-17 - -3)?
7
Suppose 0 = 2*q + 4 - 10. Suppose 4*x = 3*b + 798, x + 5*b = -q*x + 814. What is the hundreds digit of x?
2
Suppose 0*f + 4*f = 16. Suppose f*m - 26 = 682. Suppose 176 + 61 = 4*o + 3*z, -2*z + m = 3*o. What is the units digit of o?
7
Let s(g) = -8 - 4 - 14 + 3*g. What is the units digit of s(10)?
4
Let b(d) = d**3 - 12*d**2 + 18*d - 16. What is the hundreds digit of b(15)?
9
Let i(b) = -92*b + 5. Let q = -32 - -34. Let u be i(q). Let l = -108 - u. What is the tens digit of l?
7
Suppose 8*x = 9865 + 1127. What is the hundreds digit of x?
3
Suppose -q = -3*q - 4*h + 2366, 5*q = 3*h + 5876. What is the tens digit of q?
7
Let s be ((-42)/(-28))/(1/216). Suppose 0 = -0*x + 9*x - s. What is the tens digit of x?
3
Suppose -4*i = -4*l + 6*l + 428, 4*i - 3*l + 408 = 0. Let h = i - -157. What is the units digit of h?
2
Let a be ((-22)/(-2))/(-13 + 12). Let u = -9 - a. Suppose 18 = w + 4*l, -u*w - 5*l + 33 = w. What is the units digit of w?
6
Suppose 3*g - 11 = -o + 474, 3*g + 2425 = 5*o. What is the units digit of o?
5
Let x be (-2)/(-10) + (-135)/(-75). Suppose -5*s + 420 = -4*y, -x*s = 2*y - 0*y - 186. What is the tens digit of s?
8
Let k = 738 + -123. What is the units digit of k?
5
Let l(y) = 7*y**3 + 4*y**2 + 15*y - 4. Let r(b) = 8*b**3 + 3*b**2 + 16*b - 5. Let c(k) = 7*l(k) - 6*r(k). What is the units digit of c(-7)?
6
Let n(r) = -5*r - 5. Let y be n(-3). Suppose y = -5*h - 0. What is the units digit of ((-3)/9)/(h/108)?
8
Suppose i + 4 = 9. Let o be 68/i + (-8)/(-20). Suppose 12*k = o*k - 42. What is the tens digit of k?
2
Suppose -3*d + 4*d + 5*l - 5 = 0, 0 = -d + l + 11. Let x(s) = 3*s**3 + 4*s**2 - 10*s + 4. Let k be x(d). What is the tens digit of (-4)/26 - k/(-182)?
1
Suppose -15*n = -24*n + 9. Suppose z + 3*p = 1, 0 = -2*z + 5*p - n + 14. What is the units digit of z?
4
Suppose 67*g = 64*g + 66. What is the units digit of g?
2
Let r be 2 + (-12)/(-4) + -2. Suppose 0 = r*q - 3*b - 567, -3*b + 0*b = 15. What is the hundreds digit of q?
1
Suppose 0 = -2*r + 1738 - 446. What is the units digit of r?
6
Let s = 37 - 38. What is the units digit of s + 1 + -1 + 2?
1
Suppose 9*d = -d + 1800. Suppose -4*p + p = -d. What is the tens digit of p?
6
What is the hundreds digit of 3 + (48919/104 - (-3)/(-8))?
4
Let x = -42 + 45. Suppose 0 = -2*o + x + 5, 4*u + 4*o = 160. What is the units digit of u?
6
Let q be 3/(24/10) - (-500)/(-16). Let b be (-125)/(-2) - (-2)/(-4). Let h = b + q. What is the units digit of h?
2
Let k(j) = j**3 + j**2 + 1. Let q(s) = -6*s**3 + 5*s**2 + 6*s - 6. Let y(u) = 5*k(u) + q(u). What is the tens digit of y(8)?
7
Let n(a) be the second derivative of 5*a**3/6 + 3*a**2/2 - 3*a. Let z be n(3). Suppose 3*h + 5*q - 82 = 0, 4*h - 2*h - z = 4*q. What is the units digit of h?
9
Suppose 1222 - 6822 = -14*c. What is the units digit of c?
0
Suppose 0 = 4*u - 4*g - 160, 2*g + 118 = 3*u - 0*g. Let v = -26 + u. Let s(y) = y**3 - 11*y**2 - 10*y - 11. What is the tens digit of s(v)?
1
Let m(o) = -5*o + 6. Let v be m(-7). Suppose -3*a + 23 = c - v, c = -2. What is the units digit of a?
2
Let n = 2475 + -183. What is the hundreds digit of n?
2
Let j(l) be the second derivative of -5*l**3/2 - 2*l**2 - 2*l. What is the units digit of j(-3)?
1
Let x(d) = 2*d**2 - 39*d - 348. What is the hundreds digit of x(-11)?
3
Let s(i) = 1048*i + 18. What is the tens digit of s(1)?
6
What is the hundreds digit of 12/(-52) + (-1019064)/(-312)?
2
Let h = -1366 + 1917. What is the units digit of h?
1
Suppose 0 = -49*a + 63850 + 48899. What is the units digit of a?
1
Suppose -4*w = -23 - 13. Suppose -4*k - 270 = -w*k. What is the tens digit of k?
5
Let q = 4951 + -3504. What is the thousands digit of q?
1
Suppose -2*d + 0*d = 12. Let b be d/(-51) - (-3052)/68. Suppose j + 13 = b. What is the units digit of j?
2
Suppose -z + 1876 = -4*l, -l = -z + 655 + 1209. What is the thousands digit of z?
1
Let z(c) = 16*c - 3. Suppose 2*x - x - 11 = -2*h, -5*x + 4*h = -55. Suppose x + 4 = 5*o. What is the tens digit of z(o)?
4
Let v(j) = 12*j. Let k(o) = 2*o + 1. Let a be k(-1). Let p be v(a). What is the units digit of (-6)/(-4)*p/(-2)?
9
Let u be -11 + 2 - (-6 + (-6)/(-3)). What is the tens digit of (-2)/(2/9*u/55)?
9
Let b be (-6)/4*(-1